e c(5). What is the highest common factor of i and v?
5
Suppose 69 + 243 = 120*m + 72. Calculate the greatest common factor of 458 and m.
2
Let i be 67 + -64 + (0 - 46)/(-2). Suppose -2*p = 4*y - i, -4*p + 62 + 18 = y. What is the highest common divisor of 252 and p?
21
Suppose 39 = 2*l + 35. Suppose -3*f = 9, l*r + 5*f = 3*f + 146. What is the greatest common factor of 266 and r?
38
Let h(b) = -11*b**3 + 2*b**2 - 3. Let s(f) = -6*f - 25. Let j be s(-4). Let k be h(j). Calculate the greatest common factor of k and 40.
10
Suppose -27*s - 97 + 502 = 0. What is the highest common factor of s and 35?
5
Suppose -41*f = -18*f. Suppose f = 4*g - 26 + 2. What is the greatest common divisor of 30 and g?
6
Suppose 2*n + 11 - 5 = -2*y, 2*n - 6 = 4*y. Let d be 3*(y + 3 - 140/(-15)). Let q = d + -1. Calculate the greatest common divisor of q and 30.
30
Suppose -4 = 27*q - 29*q. Let t be (-4 - -2)*(-3)/q*1. Let h(s) = s**2 + 7*s - 8. Let w be h(t). What is the highest common factor of w and 22?
22
Let p(f) = -388*f - 36. Let l be p(-1). What is the greatest common divisor of l and 256?
32
Let j = -190 + 295. Suppose b + 30 = 6*b. Suppose -j - 165 = -b*n. What is the greatest common factor of n and 9?
9
Let b = 0 - -28. Let t = 93 - b. Calculate the highest common factor of 52 and t.
13
Let c be 186/(-465) - (1 + 9614/(-10)). Suppose 2*r + 10*r = c. What is the greatest common factor of 30 and r?
10
Let v = 30 + -9. Let w = 9 + 0. Let d(t) = 2*t**2 - 13*t - 3. Let x be d(w). Calculate the highest common factor of v and x.
21
Suppose -3*k + 43 = 31. Let h be k/(-3) + ((-1990)/(-6))/5. Suppose 0 = -2*c + 5*g + 16, 4*g + 1 - 9 = 0. What is the greatest common divisor of c and h?
13
Let v = 13 - -59. Suppose 128*g - 1513 = 23. Let k = v + g. What is the greatest common divisor of 28 and k?
28
Suppose 2*r + 4*m = -12, 5*m - 3 = -r - 18. Suppose -7*d - 250 + 376 = r. What is the greatest common factor of d and 48?
6
Suppose a - 6 = 2*s - 3, 5*a - 11 = 6*s. Suppose z - 3 = 2. Suppose z*h = 6*h - 16. Calculate the highest common factor of h and a.
1
Let i(s) = -4*s**3 + 21*s**2 + 93*s - 30. Let u be i(-6). What is the greatest common factor of u and 7482?
258
Suppose -16 = -2*u + 6*u, -4*u + 128 = 2*j. Let r = -724 + 710. Let m = -5 - r. Calculate the greatest common divisor of m and j.
9
Let d = 690 + -576. Let u = 89 + 97. Suppose d = -2*x + u. What is the highest common factor of 4 and x?
4
Let r(d) = 28*d - 298. Let k be r(12). Calculate the greatest common factor of k and 2698.
38
Let z be (128/24)/8*3 + 1862. What is the highest common factor of 8 and z?
8
Suppose 5*n - 2*u - 1430 = 0, -2*n = -22*u + 24*u - 558. What is the greatest common factor of 3266 and n?
142
Suppose -3*g = -4*k - 346 - 187, 2*g - k - 352 = 0. Let x be 270/(-108)*(4/(-26) - 1024/104). What is the greatest common factor of g and x?
25
Let a be (-33075)/(-270) + 21/6. What is the highest common divisor of a and 3798?
18
Let u(o) = 2*o**2 - 58*o + 13. Let w be u(21). Let y = w - -691. Calculate the highest common divisor of 46 and y.
46
Let i be 68/1 - (2 - 0). Suppose -6511*y + 5*q = -6507*y - 5997, -3*y - 2*q = -4584. Calculate the greatest common divisor of i and y.
66
Suppose 38*r - 8246 = -53*r + 84*r. Calculate the highest common divisor of r and 76.
38
Let k = -24656 - -25511. Calculate the greatest common divisor of 646 and k.
19
Let c be (-2 + -223)/((-360)/2760). Calculate the greatest common factor of 30 and c.
15
Let a(f) = 2*f**2 - 12*f + 15. Let y be a(7). Suppose -y*x + 27*x + 39 = -w, -91 = -5*x - 4*w. Calculate the greatest common divisor of x and 779.
19
Suppose 0 = 3*u + y - 865, -2*u - u + 885 = -3*y. Let k be 696/u*(-15)/(-2). Calculate the greatest common divisor of 27 and k.
9
Let u = -310 + 2950. Suppose 3*n = 6, -3*h + u - 983 = 5*n. What is the highest common factor of h and 9?
9
Let a = -3 + 33. Suppose 0 = -7*l + 2*l + a. Suppose l*h - 2*h + 3*i = 42, -h + 18 = -3*i. What is the greatest common divisor of h and 12?
12
Suppose 0 = -v - 9*v + 600. Suppose -3*c = -0*c - 360. Let z be (c/28)/((-1)/(-7)). What is the highest common divisor of v and z?
30
Let c(o) = 9*o + 103. Let j be c(-11). Let r = -7 - -175. Calculate the highest common factor of j and r.
4
Let r = -13725 - -14045. Calculate the greatest common factor of 29440 and r.
320
Let x be -4 - ((-55)/10 + -3)*28. Let o = -208 + x. Suppose -4*p = -2*d - 98, 3*p - 5*d - 2 - 61 = 0. Calculate the highest common divisor of o and p.
26
Let g be (-1 - 5/(-7)) + 1369164/1491. What is the greatest common factor of 432 and g?
54
Suppose 0 = -2*b + 7*b + 3*q - 261, b = q + 57. Let d = b + -59. Let n(v) = -22*v - 26. Let a be n(d). What is the greatest common factor of a and 56?
28
Let f be (24/(-6) + 10)/(-2). Let d be (-1)/(f/(-18))*-9. What is the highest common divisor of d and 6?
6
Let d be (1*-2)/(-85 - -87)*-81*18. Calculate the highest common factor of 81 and d.
81
Let h(y) = 6*y**2 + 44*y - 13. Let x be h(-8). Calculate the highest common factor of 779 and x.
19
Suppose -5*t + 7*t = -3*o + 67, 994 = 26*t - 2*o. Let a(d) = 27*d**3 - 2*d**2 + 1. Let q be a(2). What is the greatest common divisor of t and q?
19
Let s(l) = l**3 + 11*l**2 + 12*l + 36. Let g be s(-10). Suppose g = 4*y - 32. Calculate the greatest common divisor of 732 and y.
12
Let y be (-180)/(-50) - (-6)/(-10). Let f be 2/3 + 13/y. Suppose 0*b - 2*b = 3*g, -b = -f*g - 13. What is the highest common factor of 6 and b?
3
Suppose -9*a + 19263 = 6375. What is the highest common factor of 8 and a?
8
Suppose 15*a + 1217 + 1 = 36*a. What is the highest common factor of a and 3596?
58
Let p = 79 - 77. Suppose -p*x - 11 = -161. Let h(v) = 7*v - 5. Let n be h(5). What is the greatest common divisor of n and x?
15
Suppose -529 = 8*s - 1899 - 2774. Calculate the highest common factor of 74 and s.
74
Let w(n) = n**3 + 47*n**2 + 53*n + 2547. Let s be w(-47). Let c = -25 + 46. Calculate the greatest common factor of s and c.
7
Let q = 918 - 1561. Let m = q - -712. Calculate the highest common factor of 897 and m.
69
Let v be (-25 + 9)*(-130)/8. What is the greatest common factor of 572 and v?
52
Suppose -50*k = -688 - 612. Suppose 11 = 5*a - 9. What is the highest common factor of k and a?
2
Suppose -145 = -10*f - 25. Let a be (-38 - (-2 + 0))*(-16)/f. Suppose -3*s - 2*i = -21 - 5, -3*i - 75 = -5*s. Calculate the greatest common divisor of s and a.
12
Suppose -163 = -37*v + 22. Let q(x) = x**2 - 14. Let b be q(v). Calculate the greatest common factor of b and 44.
11
Let b be (-1421)/(-116) - 1/4. Let q be (-6 - 1)*(-84)/b. Let t be (-1)/(-4) + 1173/12. What is the highest common divisor of t and q?
49
Let h be 330 + -6 + -4 + 6. Let r = h + -308. Suppose 0*s = 3*s - 27. Calculate the highest common divisor of r and s.
9
Let s be (1 - -1)*184/(-128)*-8. Suppose 0 = -6*v + 11*v - 460. Calculate the greatest common divisor of v and s.
23
Let r = 186 - 135. Suppose -q + r = 3*l, 3*q - 6 + 15 = 0. What is the greatest common factor of l and 2?
2
Let q(y) = y**3 + 53*y**2 - 55*y - 48. Let u be q(-54). Calculate the greatest common factor of 232 and u.
2
Suppose -5*h - 92 = -g, 26 = 2*g - h - 131. Let y(o) = o**2. Let q be y(3). Let u = q - -2. Calculate the greatest common factor of g and u.
11
Let f(h) = -2*h**3 + 2*h**2 + 4*h + 6. Let d be f(-2). Let s(i) = 66*i**2 + 8*i + 8. Let r be s(-1). Calculate the greatest common divisor of r and d.
22
Let s(k) = 33*k - 149. Let o be s(5). Calculate the greatest common factor of o and 944.
16
Let z be ((-1)/2*-2164)/(42/63). Calculate the highest common divisor of 3 and z.
3
Let l(x) = -x**3 + 2*x**2 - 2. Let p be l(-2). Let k be (6/p)/((-6)/(-28)). Calculate the highest common factor of 18 and k.
2
Let w be (-6)/(-30) - (-14032)/40. Calculate the greatest common divisor of 72 and w.
9
Suppose 0 = -4*t + a + 3304, -57*t + 1646 = -55*t + a. What is the highest common divisor of 75 and t?
75
Let c = -16635 + 16642. Calculate the greatest common divisor of 187 and c.
1
Suppose 60357 = 3*c + 4*w, -1961*c - 60303 = -1964*c + 5*w. Calculate the highest common divisor of c and 91.
91
Let c(y) = -153*y**3 - 6*y**2 + y + 1. Let t be c(-1). Calculate the highest common divisor of t and 5439.
147
Let x = -343 - -966. Suppose -5*n